e 12.
8b
What is 101010000 (base 2) in base 7?
660
2 (base 13) to base 6
2
What is 14 (base 10) in base 4?
32
Convert -151 (base 9) to base 6.
-331
Convert 11222 (base 3) to base 16.
86
-1100 (base 3) to base 14
-28
What is 4 (base 14) in base 2?
100
-8 (base 14) to base 16
-8
-65 (base 11) to base 3
-2122
Convert -3 (base 4) to base 2.
-11
Convert -7 (base 16) to base 8.
-7
411 (base 5) to base 12
8a
Convert -7 (base 14) to base 4.
-13
What is -100 (base 9) in base 6?
-213
-6 (base 14) to base 13
-6
Convert 11101 (base 2) to base 8.
35
What is -3 (base 8) in base 14?
-3
3 (base 9) to base 2
11
What is -1 (base 3) in base 5?
-1
-2 (base 9) to base 4
-2
What is -15 (base 14) in base 6?
-31
-1 (base 8) to base 9
-1
0 (base 5) to base 7
0
What is 3220 (base 4) in base 14?
128
Convert -22 (base 5) to base 6.
-20
What is -103 (base 4) in base 8?
-23
Convert -1 (base 4) to base 10.
-1
What is c (base 13) in base 14?
c
a (base 12) to base 4
22
What is 315 (base 11) in base 7?
1051
Convert 6 (base 13) to base 4.
12
Convert 6 (base 7) to base 3.
20
10 (base 2) to base 13
2
What is -34 (base 5) in base 14?
-15
Convert -3 (base 6) to base 16.
-3
Convert -20 (base 9) to base 6.
-30
Convert 2121 (base 4) to base 16.
99
Convert -5 (base 12) to base 10.
-5
What is -7 (base 14) in base 6?
-11
10 (base 9) to base 13
9
What is -5 (base 11) in base 10?
-5
Convert 4 (base 9) to base 3.
11
What is -443 (base 5) in base 11?
-102
What is -7 (base 11) in base 12?
-7
Convert -4 (base 8) to base 2.
-100
-a (base 14) to base 11
-a
What is 33 (base 8) in base 3?
1000
-131 (base 4) to base 16
-1d
16 (base 12) to base 5
33
-4 (base 7) to base 8
-4
4 (base 14) to base 13
4
-8 (base 11) to base 9
-8
Convert 155 (base 7) to base 6.
225
Convert 20210 (base 3) to base 7.
351
Convert -b (base 13) to base 5.
-21
Convert 4 (base 14) to base 4.
10
-77 (base 12) to base 8
-133
What is 62 (base 11) in base 4?
1010
-10 (base 6) to base 10
-6
313 (base 4) to base 3
2001
-29 (base 11) to base 3
-1011
Convert 5 (base 15) to base 7.
5
What is 0 (base 16) in base 5?
0
Convert 43 (base 7) to base 6.
51
0 (base 16) to base 8
0
What is -123 (base 7) in base 14?
-4a
54 (base 9) to base 3
1211
55 (base 15) to base 2
1010000
What is -1 (base 4) in base 14?
-1
9 (base 11) to base 9
10
275 (base 11) to base 12
230
What is 3 (base 9) in base 7?
3
101100 (base 2) to base 6
112
2 (base 13) to base 12
2
What is 110 (base 4) in base 10?
20
What is 6 (base 13) in base 11?
6
-6 (base 9) to base 14
-6
-332 (base 5) to base 4
-1130
What is 152 (base 12) in base 11?
178
111 (base 3) to base 15
d
Convert -300 (base 5) to base 2.
-1001011
Convert -1 (base 2) to base 13.
-1
123 (base 7) to base 9
73
Convert -21 (base 13) to base 7.
-36
-2 (base 4) to base 10
-2
What is -2 (base 7) in base 12?
-2
What is -a3 (base 14) in base 15?
-98
Convert -11 (base 4) to base 15.
-5
Convert -14 (base 6) to base 8.
-12
50 (base 9) to base 4
231
3 (base 9) to base 4
3
-443 (base 6) to base 9
-210
What is 1 (base 5) in base 13?
1
Convert -322 (base 4) to base 8.
-72
10 (base 9) to base 15
9
What is 5 (base 12) in base 11?
5
-30 (base 13) to base 8
-47
Convert 33 (base 14) to base 12.
39
75 (base 16) to base 13
90
What is -d (base 16) in base 5?
-23
3 (base 4) to base 11
3
What is a (base 15) in base 16?
a
-4 (base 7) to base 11
-4
What is -10 (base 2) in base 4?
-2
What is -100 (base 4) in base 11?
-15
Convert -25 (base 6) to base 14.
-13
What is 3 (base 5) in base 15?
3
Convert -118 (base 12) to base 3.
-20002
3 (base 13) to base 3
10
22 (base 3) to base 6
12
Convert -3 (base 6) to base 13.
-3
Convert -15 (base 13) to base 8.
-22
40 (base 7) to base 15
1d
What is -25 (base 15) in base 3?
-1022
What is 4 (base 15) in base 7?
4
Convert 67 (base 9) to base 15.
41
Convert 20 (base 3) to base 16.
6
-14 (base 10) to base 5
-24
-65 (base 9) to base 15
-3e
4 (base 14) to base 7
4
Convert 80 (base 12) to base 15.
66
Convert -12200 (base 3) to base 15.
-a3
7 (base 9) to base 2
111
Convert -10 (base 14) to base 12.
-12
-b (base 16) to base 3
-102
7 (base 8) to base 12
7
Convert -4 (base 16) to base 12.
-4
-152 (base 7) to base 4
-1112
Convert -10 (base 5) to base 12.
-5
-6 (base 15) to base 16
-6
Convert 12 (base 9) to base 12.
b
Convert -2 (base 12) to base 6.
-2
What is -114 (base 6) in base 4?
-232
7 (base 12) to base 8
7
What is -15 (base 11) in base 12?
-14
What is 12 (base 4) in base 5?
11
1d (base 16) to base 8
35
-3 (base 4) to base 9
-3
-11a (base 12) to base 10
-166
What is 1 (base 11) in base 10?
1
Convert 2 (base 16) to base 2.
10
-5c (base 13) to base 6
-205
What is 101 (base 2) in base 15?
5
110 (base 2) to base 12
6
-1 (base 3) to base 4
-1
What is -341 (base 5) in base 15?
-66
What is 78 (base 16) in base 14?
88
Convert 4 (base 7) to base 5.
4
32 (base 11) to base 15
25
What is 25 (base 11) in base 10?
27
-41 (base 10) to base 7
-56
What is -3 (base 16) in base 7?
-3
1 (base 13) to base 9
1
Convert -101 (base 3) to base 16.
-a
Convert -10 (base 14) to base 16.
-e
What is 110 (base 7) in base 6?
132
-5 (base 7) to base 12
-5
Convert -166 (base 11) to base 5.
-1233
What is -6 (base 12) in base 2?
-110
What is 21 (base 3) in base 12?
7
What is 11 (base 11) in base 13?
c
Convert -112 (base 3) to base 2.
-1110
What is -61 (base 7) in base 9?
-47
What is -105 (base 7) in base 15?
-39
100000110 (base 2) to base 14
14a
131 (base 10) to base 16
83
What is 2 (base 8) in base 10?
2
What is -301 (base 6) in base 12?
-91
Convert 10 (base 3) to base 9.
3
What is 22 (base 6) in base 5?
24
6 (base 15) to base 7
6
-1212 (base 6) to base 14
-172
-25 (base 6) to base 9
-18
Convert 1100 (base 3) to base 11.
33
Convert 100101 (base 3) to base 15.
11d
What is -3 (base 15) in base 16?
-3
Convert 513 (base 6) to base 2.
10111101
What is -10 (base 13) in base 6?
-21
Convert 5 (base 12) to base 2.
101
Convert -3 (base 14) to base 2.
-11
What is -102 (base 3) in base 6?
-15
Convert 31 (base 9) to base 8.
34
267 (base 10) to base 16
10b
Convert c (base 16) to base 8.
14
244 (base 8) to base 16
a4
What is -a4 (base 15) in base 5?
-1104
Convert 2 (base 11) to base 3.
2
What is -6 (base 7) in base 11?
-6
-3 (base 10) to base 15
-3
What is -5 (base 6) in base 4?
-11
Convert 100 (base 2) to base 16.
4
What is 3 (base 13) in base 16?
3
What is 34 (base 14) in base 10?
46
What is a (base 13) in base 16?
a
Convert 101 (base 2) to base 15.
5
78 (base 13) to base 7
201
-2 (base 11) to base 7
-2
What is 1 (base 15) in base 16?
1
What is -2 (base 9) in base 11?
-2
Convert 2 (base 14) to base 11.
2
What is 0 (base 9) in base 13?
0
1 (base 7) to base 8
1
101000 (base 2) to base 13
31
1131 (base 5) to base 10
166
-6 (base 14) to base 4
-12
What is -3 (base 6) in base 12?
-3
Convert -d (base 16) to base 6.
-21
8 (base 16) to base 3
22
-17 (base 8) to base 2
-1111
Convert 56 (base 7) to base 16.
29
Convert 202 (base 3) to base 13.
17
14 (base 7) to base 13
b
59 (base 10) to base 5
214
What is 0 (base 3) in base 11?
0
Convert -10 (base 4) to base 11.
-4
Convert -202 (base 9) to base 15.
-ae
Convert -2 (base 8) to base 2.
-10
Convert 0 (base 9) to base 10.
0
Convert 13 (base 4) to base 11.
7
1212 (base 4) to base 12
86
212 (base 11) to base 7
513
What is 1 (base 5) in base 10?
1
0 (base 3) to base 10
0
-1c (base 16) to base 4
-130
1 (base 12) to base 6
1
-34 (base 16) to base 9
-57
What is 0 (base 2) in base 9?
0
331 (base 5) to base 4
1123
What is 1 (base 5) in base 10?
1
-10 (base 11) to base 4
-23
Convert 74 (base 8) to base 4.
330
202 (base 3) to base 2
10100
Convert -212 (base 12) to base 8.
-456
34 (base 7) to base 9
27
Convert 62 (base 8) to base 16.
32
What is -3 (base 6) in base 8?
-3
-6 (base 11) to base 12
-6
Convert -13 (base 7) to base 8.
-12
What is 4 (base 11) in base 7?
4
19 (base 10) to base 11
18
What is 42 (base 12) in base 16?
32
Convert -10 (base 4) to base 16.
-4
Convert -6 (base 14) to base 15.
-6
What is -167 (base 13) in base 6?
-1102
-24 (base 7) to base 13
-15
What is -13 (base 5) in base 4?
-20
Convert -433 (base 5) to base 6.
-314
Convert -2 (base 12) to base 15.
-2
Convert 5 (base 16) to base 3.
12
What is 21 (base 4) in base 7?
12
What is -10102 (base 4) in base 15?
-134
Convert -223 (base 6) to base 4.
-1113
What is -142 (base 6) i